hat is the highest common factor of 70 and 301805?
35
What is the highest common divisor of 8670 and 204?
102
What is the greatest common divisor of 545 and 32700?
545
Calculate the greatest common divisor of 848 and 4912.
16
Calculate the greatest common divisor of 180 and 8553900.
60
What is the greatest common factor of 9 and 3969?
9
Calculate the highest common factor of 31313 and 2172.
181
Calculate the highest common factor of 13 and 4027.
1
What is the greatest common factor of 595 and 13005?
85
Calculate the greatest common divisor of 798 and 25802.
266
What is the highest common divisor of 120 and 19515?
15
Calculate the highest common factor of 281772 and 216.
108
What is the greatest common factor of 4056 and 39936?
312
Calculate the greatest common divisor of 238 and 118.
2
Calculate the greatest common divisor of 39 and 4573218.
39
What is the highest common divisor of 12 and 739512?
12
Calculate the greatest common factor of 836 and 6908.
44
What is the highest common factor of 10 and 33035?
5
What is the highest common divisor of 12284 and 32204?
332
Calculate the greatest common factor of 9530 and 48.
2
Calculate the greatest common divisor of 227097 and 702.
351
What is the greatest common factor of 3105 and 83145?
345
Calculate the highest common factor of 112 and 3694208.
112
Calculate the highest common divisor of 157464 and 56.
8
Calculate the greatest common divisor of 5 and 30245.
5
Calculate the highest common divisor of 43100 and 150.
50
What is the greatest common divisor of 3719098 and 76?
38
What is the greatest common factor of 11979 and 9?
9
What is the highest common factor of 700 and 407300?
100
Calculate the greatest common divisor of 99 and 289245.
33
Calculate the greatest common factor of 3008 and 120.
8
What is the highest common divisor of 24240 and 480?
240
What is the highest common divisor of 63505 and 65?
65
What is the highest common factor of 726685 and 184?
23
Calculate the greatest common divisor of 11030 and 410.
10
Calculate the highest common factor of 128448 and 864.
288
Calculate the greatest common divisor of 203450 and 195.
65
Calculate the greatest common divisor of 4160856 and 168.
168
Calculate the highest common factor of 93 and 2772981.
93
What is the highest common divisor of 3882 and 150?
6
What is the greatest common factor of 2786052 and 12?
12
Calculate the greatest common factor of 1926624 and 714.
42
Calculate the highest common factor of 102 and 7174.
34
Calculate the greatest common divisor of 1680 and 4638900.
420
Calculate the highest common factor of 8166 and 117.
3
What is the greatest common factor of 143 and 44824?
13
What is the highest common factor of 84 and 88466?
14
What is the greatest common divisor of 482190 and 120?
30
Calculate the greatest common divisor of 20 and 21984.
4
What is the greatest common divisor of 18810 and 11484?
198
What is the greatest common factor of 120 and 95960?
40
Calculate the highest common divisor of 35 and 195335.
35
Calculate the highest common divisor of 1034 and 12793.
11
What is the highest common divisor of 588 and 3029082?
294
What is the highest common divisor of 3416 and 295057?
427
Calculate the highest common divisor of 368 and 204976.
368
Calculate the highest common factor of 5706315 and 215.
215
Calculate the highest common factor of 339 and 5554402.
113
Calculate the greatest common factor of 8 and 303784.
8
Calculate the greatest common divisor of 28 and 536438.
14
What is the greatest common divisor of 71659 and 26796?
203
Calculate the greatest common factor of 1085699 and 389.
389
What is the highest common factor of 1590 and 60?
30
Calculate the highest common divisor of 54 and 16734.
6
What is the highest common factor of 2231 and 1679?
23
Calculate the greatest common divisor of 711880 and 2600.
520
Calculate the highest common factor of 67638 and 174.
6
Calculate the highest common divisor of 13936 and 11076.
52
Calculate the greatest common divisor of 14016 and 10560.
192
What is the greatest common factor of 20 and 84210?
10
What is the greatest common factor of 88672 and 7987?
163
Calculate the greatest common divisor of 685 and 29455.
685
Calculate the greatest common factor of 213 and 797969.
71
What is the highest common divisor of 912988 and 3516?
1172
What is the highest common factor of 29 and 1452697?
29
What is the greatest common factor of 18120 and 240?
120
What is the greatest common factor of 134 and 68206?
134
Calculate the greatest common factor of 2680 and 165490.
670
Calculate the greatest common factor of 250 and 6870.
10
What is the highest common factor of 487995 and 5?
5
Calculate the greatest common divisor of 1089 and 390555.
99
What is the greatest common factor of 14 and 543354?
14
What is the greatest common divisor of 86 and 93869?
43
What is the highest common divisor of 260 and 1230580?
260
Calculate the highest common divisor of 203038 and 726.
242
What is the greatest common factor of 87239 and 161?
23
What is the greatest common divisor of 10249 and 22991?
277
What is the greatest common factor of 166 and 208994?
166
Calculate the highest common factor of 3 and 868.
1
Calculate the highest common factor of 85542 and 332484.
1614
What is the greatest common divisor of 765 and 9146?
17
What is the highest common divisor of 61 and 472933?
61
What is the highest common factor of 94 and 4982?
94
Calculate the highest common divisor of 16308 and 2484.
108
What is the greatest common factor of 53885 and 650?
65
What is the highest common factor of 2024 and 6679706?
506
Calculate the greatest common divisor of 49968 and 7524.
36
Calculate the highest common divisor of 1002303 and 153.
153
What is the greatest common factor of 566 and 1102568?
566
Calculate the highest common factor of 14 and 3514.
14
What is the greatest common divisor of 19 and 926972?
19
Calculate the greatest common factor of 52928 and 128.
64
Calculate the highest common factor of 295920 and 144.
144
What is the highest common divisor of 1025 and 3525?
25
What is the greatest common factor of 1870 and 105842?
374
What is the greatest common divisor of 2591296 and 38?
38
Calculate the highest common divisor of 509782 and 42.
14
What is the highest common factor of 6517560 and 840?
840
What is the highest common divisor of 551551 and 551?
551
What is the greatest common divisor of 654 and 54609?
327
Calculate the greatest common divisor of 4709 and 204.
17
Calculate the greatest common factor of 37620 and 1620.
180
Calculate the greatest common factor of 312 and 287196.
156
Calculate the highest common divisor of 900 and 1400580.
180
Calculate the greatest common factor of 95 and 8035.
5
Calculate the greatest common divisor of 4360 and 93958.
218
Calculate the greatest common factor of 987 and 11776884.
987
Calculate the highest common factor of 4764 and 18.
6
What is the highest common factor of 90342 and 189?
189
Calculate the highest common divisor of 245716 and 329.
47
What is the greatest common factor of 18666 and 36783?
549
Calculate the highest common divisor of 558 and 3007.
31
Calculate the highest common divisor of 90856 and 164.
164
What is the highest common factor of 51632 and 1120?
112
Calculate the greatest common factor of 1530 and 5625.
45
Calculate the highest common divisor of 68 and 1468.
4
What is the greatest common factor of 38401 and 143?
11
What is the greatest common divisor of 58 and 38309?
29
Calculate the greatest common divisor of 10 and 349190.
10
What is the greatest common divisor of 259279 and 69?
23
Calculate the greatest common factor of 77 and 493.
1
Calculate the greatest common divisor of 75 and 93165.
15
Calculate the greatest common divisor of 1701 and 65373.
21
Calculate the greatest common divisor of 18 and 2805948.
18
What is the greatest common divisor of 81 and 861?
3
What is the highest common divisor of 54992 and 14?
14
What is the greatest common factor of 64 and 1015368?
8
What is the highest common factor of 19362 and 378?
42
What is the highest common divisor of 60 and 8790?
30
Calculate the greatest common divisor of 54031 and 284.
71
What is the greatest common factor of 602448 and 8150?
326
Calculate the highest common divisor of 214242 and 42.
42
What is th